d 36?
36
Let z = 40 - 36. Suppose -q + 4*c = 4, -4*q - 5*c + 0*c + 26 = 0. Calculate the greatest common divisor of z and q.
4
Suppose 4*h + 77 = -3*k + 4*k, 5*k = 25. Let i = h + 27. What is the greatest common factor of i and 3?
3
Let b = -1043 - -1049. What is the highest common divisor of 222 and b?
6
Let b(m) = -12*m**3 - 6*m**2 + 7*m - 8. Let o be b(4). Let h be o/(-14) - (-16)/(-56). What is the highest common divisor of h and 30?
30
Let n be ((-39)/117)/(2/(-324)). What is the greatest common divisor of 351 and n?
27
Suppose 1307*a + 210 = 1309*a. Calculate the greatest common factor of 168 and a.
21
Let d(b) = -24*b + 30. Let s be d(-10). Calculate the highest common factor of 54 and s.
54
Let q = -24 - -64. Let l(c) = 2*c**3 - 19*c**2 - 9*c - 2. Let r be l(10). What is the highest common divisor of r and q?
8
Let f(s) = -s**2 + 13*s. Let h(g) = -2*g - 2. Let q be h(-4). Let a be f(q). Let z be (10/(-3))/(-5)*a. What is the greatest common factor of 42 and z?
14
Let s be 3/2 - 39/(-2). Let z = -21 + s. Suppose -2*t + z*t + 36 = 0. What is the greatest common divisor of 198 and t?
18
Suppose 4*z = o + 28, 0 = 2*o - 4*o + 5*z - 47. Let r be (1 + (-44)/o)/((-1)/(-4)). Calculate the greatest common divisor of 60 and r.
15
Suppose -3*s - 2*s + 405 = 0. Suppose 3 = -4*l - 5. Let z(f) = -6*f**3 + f**2 + 2. Let h be z(l). Calculate the greatest common factor of h and s.
27
Let w = -107 + 13. Let o = w - -101. Calculate the highest common divisor of o and 63.
7
Let a(i) = -i**3 - 6*i**2 - 4*i - 2. Let g be a(-6). Let p be (44/(-6))/(((-78)/(-9))/(-13)). Calculate the greatest common divisor of g and p.
11
Let l be (8/(-10))/((-4)/(-30)). Let k(n) = -n**2 - 13*n - 2. Let o be k(l). Suppose 3*a = -a + o. What is the greatest common factor of 25 and a?
5
Let i be (-26)/(-2)*(6 + -1). Let o = 2010 + -1997. What is the greatest common factor of i and o?
13
Let y = 12 + -8. Let p be (-3 + 15)*1/3. Calculate the greatest common factor of p and y.
4
Let t(d) = 26*d - 106. Let a be t(8). Suppose 3*i - 4*z = 103, -3*i + z + 2*z = -a. Calculate the highest common factor of i and 22.
11
Let z be 699/33 + (-30)/165. Calculate the highest common divisor of 1029 and z.
21
Let f be 2/(-24) - 170/(-24). Let u = 0 - -1. What is the greatest common divisor of u and f?
1
Let x = -1326 - -1330. Calculate the greatest common divisor of 108 and x.
4
Let a = 82 + -96. Let o = a - -26. What is the highest common factor of 3 and o?
3
Suppose 11 = 3*c - 1. Suppose -7*g = -c*g - 27. What is the greatest common divisor of g and 81?
9
Suppose -48 = -i + 60. Calculate the highest common factor of 54 and i.
54
Let o(k) = -k**3 - 23*k**2 + 9*k + 225. Let r be o(-23). What is the greatest common factor of r and 276?
6
Suppose -2*j - 4*s + 332 = 0, 7*s + 800 = 5*j + 2*s. Calculate the greatest common divisor of j and 36.
18
Let h(s) = -s**2 + 6*s - 3. Suppose -2*f = -f. Suppose z = -f*z + 5. Let i be h(z). What is the greatest common factor of i and 14?
2
Suppose -27*m = -12*m - 1890. Calculate the highest common factor of m and 414.
18
Suppose 0 = 5*d - d + 2*h - 88, -4*d + 76 = 5*h. Let c = -72 + 51. Let m = 147 - c. What is the greatest common divisor of d and m?
24
Let k(b) = b**3 - 53*b**2 + 210*b - 670. Let o be k(49). Suppose 5*x - 500 = -140. What is the greatest common factor of x and o?
8
Let s(l) = -2*l**3 + 16*l**2 + 10*l - 42. Let n be s(7). Suppose 3*q = 9, -q = 3*b - 0*b - 45. Calculate the greatest common factor of b and n.
14
Suppose -33*b = 2*b - 280. What is the greatest common factor of 776 and b?
8
Let p(l) = 2*l**2 + 7*l - 28. Let q be p(-7). Let v(n) = n**2 - 20*n + 56. Let r be v(q). What is the greatest common factor of 22 and r?
11
Let q = 626 + -401. What is the greatest common factor of q and 15?
15
Let a = -131 - -136. What is the highest common factor of a and 25?
5
Let k(p) = 25*p - 23. Let m be k(11). What is the greatest common divisor of 224 and m?
28
Let d = -46 + 85. Suppose o - 153 = -5*c, o - c - 4*c = 113. Suppose -5*m - 4*r = -r - o, 81 = 3*m + 3*r. What is the highest common divisor of m and d?
13
Let b = 91 + -79. Let y(g) = g**2 + 13*g - 2*g**2 + 0*g**2 - 10. Let o be y(b). What is the highest common factor of 10 and o?
2
Let k(b) = b**3 + 2*b**2 + b - 2. Let n be k(2). Let h(x) = 4*x + 1. Let p be h(1). Suppose 10*q - p*q = 40. Calculate the highest common factor of n and q.
8
Let t(y) = -5*y - 14. Suppose -4*a = c + 41, 5*c = -a + c - 14. Let j be t(a). What is the highest common divisor of j and 180?
36
Suppose 5*f - 4*v = 7914, 6277 - 1535 = 3*f - 4*v. Calculate the highest common divisor of f and 26.
26
Suppose -783 = 25*w - 28*w. Let d be (w/145)/(-3*(-2)/20). Let l be 161/3 - (-1)/3. Calculate the highest common factor of l and d.
6
Suppose -4*q + 4 = -12. Suppose 2*o = -34 + q. Let f be 5/(o/(-2))*36. Calculate the greatest common factor of f and 60.
12
Suppose -5*w = 61*y - 64*y + 436, -2*w = -4*y + 586. What is the greatest common factor of y and 3?
3
Suppose 240 = 2*z + 4*y, z + 5*y = -4*z + 620. Suppose -77 = x - 6*x - n, 4*x - 79 = 5*n. What is the highest common divisor of z and x?
16
Suppose 5*r = -4*v + 96, 13*v - 9*v = -r + 96. Suppose -337 = -4*w - c, 3*c + c = -2*w + 172. What is the greatest common factor of w and v?
12
Let n = -1971 + 2047. Calculate the highest common divisor of n and 84.
4
Let r be 81/4 - 3/12. Suppose 84*l - 69*l - 1350 = 0. Calculate the greatest common factor of r and l.
10
Let y(l) = 229*l - 40. Let r be y(2). What is the highest common factor of 266 and r?
38
Let c = 419 - 155. Calculate the highest common divisor of c and 330.
66
Suppose -24*s - 36 = -30*s. Calculate the greatest common divisor of 66 and s.
6
Let r be (4 - 2)*2/(-6)*-39. Let t = r + -20. Calculate the greatest common divisor of 54 and t.
6
Suppose -2*f + 127 = -5*u + 597, 5*f + 71 = u. What is the highest common divisor of u and 24?
24
Suppose 4*i - 5*c - 3968 = -2*c, -i = c - 992. Calculate the greatest common divisor of i and 32.
32
Let p = 1284 - 2625. Let z = -909 - p. Suppose 3*w + z = 6*w. What is the highest common factor of 16 and w?
16
Let x be 4/(3/(-36)*18/(-27)). What is the greatest common divisor of x and 20?
4
Let b be (1 + 333)*(-3)/(-6). Let o = 141 + b. What is the highest common factor of 28 and o?
28
Suppose -6*w + 4*w + 20 = 0. Let l(r) = 10*r - 5. Let u be l(2). Calculate the greatest common factor of w and u.
5
Let v(i) = i**2 + 12*i - 22. Let j be v(-12). Let h = j + 32. Calculate the greatest common factor of h and 2.
2
Suppose -1 = -w + 27. Calculate the highest common factor of 63 and w.
7
Let a(h) = 148*h - 1324. Let o be a(9). Calculate the highest common factor of 1832 and o.
8
Let c(q) = 6 - q**2 - 5 + 4*q + 8. Let s be c(5). Let p be 2/(s*(-2)/(-24)). What is the highest common divisor of p and 48?
6
Suppose 24*l - 34*l + 110 = 0. Let x be (-3 + 5)*154/4. Let s be (-1 + 2)/1*x. What is the greatest common divisor of s and l?
11
Let h = 40 + -28. Let a(o) = 9*o**2 + o - 4. Let s be a(5). Suppose 0 = -4*p + s + 206. What is the greatest common divisor of h and p?
12
Let x be 31/11 + 14/77. Suppose t - x*t = -72. What is the greatest common divisor of 9 and t?
9
Suppose 0 = 22*a + 10*a - 704. What is the greatest common factor of a and 121?
11
Let o = 2322 - 1423. Calculate the highest common divisor of o and 87.
29
Let v = 446 - 302. Suppose 10*w + v = 22*w. Calculate the greatest common divisor of w and 36.
12
Suppose 203 = 6*d - 7. Suppose -162*c = -165*c + 21. Calculate the greatest common factor of d and c.
7
Let w be 102/85 + (-59)/(-5). Calculate the greatest common factor of 65 and w.
13
Let d be 2*1/(-4)*-62. Suppose 10*l - 6135 = 675. Let c = l - 340. What is the greatest common factor of c and d?
31
Let p(b) = b**3 - 10*b**2 + 20*b + 10. Let t be p(7). Calculate the greatest common factor of 39 and t.
3
Suppose 3*w + y = 2*y + 730, -y = 1. Calculate the highest common divisor of w and 36.
9
Let r = 191 + -158. Calculate the highest common factor of 11 and r.
11
Let h(u) = u**2 + 4*u - 2. Let g be h(-4). Let r be 84*-4*g/24. What is the highest common divisor of 42 and r?
14
Let j(r) = r**2 - 10. Suppose 6*p - 16 = 2*p. Let m be j(p). Calculate the greatest common factor of m and 